{"id":434,"date":"2019-02-26T11:28:30","date_gmt":"2019-02-26T10:28:30","guid":{"rendered":"http:\/\/etap-conseil.fr\/?page_id=434"},"modified":"2022-08-22T10:48:22","modified_gmt":"2022-08-22T08:48:22","slug":"politique-de-confidentialite","status":"publish","type":"page","link":"https:\/\/etap-conseil.fr\/index.php\/politique-de-confidentialite\/","title":{"rendered":"Politique de confidentialit\u00e9"},"content":{"rendered":"\n<h2 class=\"wp-block-heading\">Qui sommes-nous&nbsp;?<\/h2>\n\n\n\n<p>L\u2019adresse de notre site Web est&nbsp;: http:\/\/etap-conseil.fr. Son \u00e9diteur est WordPress, son h\u00e9bergeur est OVH.<\/p>\n\n\n\n<p>Ceci est le site professionnel de l&#8217;entreprise <strong>ETAP conseil<\/strong>, dont le si\u00e8ge technique est au 16 route de Puechabon &#8211; Mas Neuf &#8211; 34380 Viols-le-Fort. <\/p>\n\n\n\n<h2 class=\"wp-block-heading\">Utilisation des donn\u00e9es personnelles collect\u00e9es<\/h2>\n\n\n\n<h3 class=\"wp-block-heading\">Commentaires<\/h3>\n\n\n\n<p>A ce jour, notre site n&#8217;ouvre pas la possibilit\u00e9 de laisser de commentaire.<\/p>\n\n\n\n<h3 class=\"wp-block-heading\">M\u00e9dias<\/h3>\n\n\n\n<p>Aujourd&#8217;hui, notre site n&#8217;ouvre pas la possibilit\u00e9 de t\u00e9l\u00e9charger de m\u00e9dia sur notre site.<\/p>\n\n\n\n<h3 class=\"wp-block-heading\">Formulaires de contact<\/h3>\n\n\n\n<p>Aujourd&#8217;hui, notre site n&#8217;utilise pas de formulaire de contact. <\/p>\n\n\n\n<p>Vous pouvez nous \u00e9crire un mail directement \u00e0 l&#8217;adresse indiqu\u00e9e dans la page de contact : marinetc.conseil@gmail.com<\/p>\n\n\n\n<h3 class=\"wp-block-heading\">Cookies<\/h3>\n\n\n\n<p>A ce jour, notre site n&#8217;ouvre pas la possibilit\u00e9 de laisser un commentaire.<\/p>\n\n\n\n<h3 class=\"wp-block-heading\">Contenu embarqu\u00e9 depuis d\u2019autres sites<\/h3>\n\n\n\n<p>Les articles de ce site peuvent inclure des contenus int\u00e9gr\u00e9s (par exemple des vid\u00e9os, images, articles\u2026). Le contenu int\u00e9gr\u00e9 depuis d\u2019autres sites se comporte de la m\u00eame mani\u00e8re que si le visiteur se rendait sur cet autre site.<\/p>\n\n\n\n<p>Ces sites web pourraient collecter des donn\u00e9es sur vous, utiliser des cookies, embarquer des outils de suivis tiers, suivre vos interactions avec ces contenus embarqu\u00e9s si vous disposez d\u2019un compte connect\u00e9 sur leur site web.<\/p>\n\n\n\n<h3 class=\"wp-block-heading\">Statistiques et mesures d\u2019audience<\/h3>\n\n\n\n<p>Nous utilisons le module Insights pour mesure l&#8217;audience de notre site. Ce module collecte votre adresse IP, qui est conserv\u00e9e pendant 30 jours.<\/p>\n\n\n\n<h2 class=\"wp-block-heading\">Utilisation et transmission de vos donn\u00e9es personnelles<\/h2>\n\n\n\n<h2 class=\"wp-block-heading\">Dur\u00e9es de stockage de vos donn\u00e9es<\/h2>\n\n\n\n<p>L&#8217;extension Insights stocke votre adresse IP pendant 30 jours. <\/p>\n\n\n\n<h2 class=\"wp-block-heading\">Les droits que vous avez sur vos donn\u00e9es<\/h2>\n\n\n\n<p>Nous ne stockons aucune donn\u00e9e personnelle vous concernant.<\/p>\n\n\n\n<h2 class=\"wp-block-heading\">Transmission de vos donn\u00e9es personnelles<\/h2>\n\n\n\n<p>Nous n&#8217;avons aucune mati\u00e8re \u00e0 transmettre.<\/p>\n\n\n\n<h2 class=\"wp-block-heading\">Informations de contact<\/h2>\n\n\n\n<p>Pour toute demande relative \u00e0 la gestion de vos donn\u00e9es personnelles \u00e9crivez-nous \u00e0 marinetc.conseil@gmail.com<\/p>\n","protected":false},"excerpt":{"rendered":"<p>Qui sommes-nous&nbsp;? L\u2019adresse de notre site Web est&nbsp;: http:\/\/etap-conseil.fr. Son \u00e9diteur est WordPress, son h\u00e9bergeur est OVH. Ceci est le site professionnel de l&#8217;entreprise ETAP conseil, dont le si\u00e8ge technique est au 16 route de Puechabon &#8211; Mas Neuf &#8211; 34380 Viols-le-Fort. Utilisation des donn\u00e9es personnelles collect\u00e9es Commentaires A ce jour, notre site n&#8217;ouvre pas &hellip; <\/p>\n<p class=\"link-more\"><a href=\"https:\/\/etap-conseil.fr\/index.php\/politique-de-confidentialite\/\" class=\"more-link\">Continue reading<span class=\"screen-reader-text\"> &#8220;Politique de confidentialit\u00e9&#8221;<\/span><\/a><\/p>\n","protected":false},"author":1,"featured_media":0,"parent":0,"menu_order":0,"comment_status":"closed","ping_status":"closed","template":"","meta":{"footnotes":""},"_links":{"self":[{"href":"https:\/\/etap-conseil.fr\/index.php\/wp-json\/wp\/v2\/pages\/434"}],"collection":[{"href":"https:\/\/etap-conseil.fr\/index.php\/wp-json\/wp\/v2\/pages"}],"about":[{"href":"https:\/\/etap-conseil.fr\/index.php\/wp-json\/wp\/v2\/types\/page"}],"author":[{"embeddable":true,"href":"https:\/\/etap-conseil.fr\/index.php\/wp-json\/wp\/v2\/users\/1"}],"replies":[{"embeddable":true,"href":"https:\/\/etap-conseil.fr\/index.php\/wp-json\/wp\/v2\/comments?post=434"}],"version-history":[{"count":6,"href":"https:\/\/etap-conseil.fr\/index.php\/wp-json\/wp\/v2\/pages\/434\/revisions"}],"predecessor-version":[{"id":539,"href":"https:\/\/etap-conseil.fr\/index.php\/wp-json\/wp\/v2\/pages\/434\/revisions\/539"}],"wp:attachment":[{"href":"https:\/\/etap-conseil.fr\/index.php\/wp-json\/wp\/v2\/media?parent=434"}],"curies":[{"name":"wp","href":"https:\/\/api.w.org\/{rel}","templated":true}]}}