{"id":647,"date":"2025-12-03T14:21:05","date_gmt":"2025-12-03T13:21:05","guid":{"rendered":"https:\/\/etap-conseil.fr\/?page_id=647"},"modified":"2026-02-23T14:38:20","modified_gmt":"2026-02-23T13:38:20","slug":"les-nouveautes-en-cours","status":"publish","type":"page","link":"https:\/\/etap-conseil.fr\/index.php\/les-nouveautes-en-cours\/","title":{"rendered":"Quoi de neuf ?"},"content":{"rendered":"\n<h2 class=\"wp-block-heading\">Formation \/ Consolider son mod\u00e8le socio-\u00e9conomique<\/h2>\n\n\n\n<p>Une <strong>session d\u00e9di\u00e9e aux acteurs de l&#8217;alimentation durable<\/strong>, les <em><a href=\"https:\/\/wiki.ozon-cooperer.org\/place-du-marche\/?FormActionConsoliderSonModeleSocioEconom\" target=\"_blank\" rel=\"noreferrer noopener\">les 13 mars et 7 mai 2026 aux IF \u00e0 Toulouse<\/a><\/em>, il reste quelques places, faites-vous conna\u00eetre !<\/p>\n\n\n\n<p>Une <strong>session d\u00e9di\u00e9e aux acteurs du secteur socio-culturel est \u00e0 l&#8217;\u00e9tude<\/strong> &#8211; si int\u00e9ress\u00e9s, dites-le nous, cela nous motivera \u00e0 r\u00e9aliser cette d\u00e9clinaison sp\u00e9cifiques aux r\u00e9alit\u00e9s et probl\u00e9matiques du secteur : marinetc.conseil@gmail.com, florence.bardot2@gmail.com<\/p>\n\n\n\n<p>Pour le r\u00e9seau UGESS, Florence Bardot et moi-m\u00eame d\u00e9velopperons en 2026 un <strong>nouveau module (et outil flash associ\u00e9) <\/strong>d\u00e9di\u00e9 aux groupements r\u00e9gionaux pour leur permettre de  conseiller et orienter rapidement les \u00e9piceries du r\u00e9seau quand elles rencontrent des difficult\u00e9s socio-\u00e9conomiques.<\/p>\n\n\n\n<h2 class=\"wp-block-heading\">Formation \/ Faire grandir la coop\u00e9ration au sein des \u00e9quipes<\/h2>\n\n\n\n<p>Une <strong>session territoriale est pr\u00e9vue les 19-20 mars 2026 \u00e0 la Filature du Mazel<\/strong>, pour les acteurs de son territoire : une invitation \u00e0 mieux se conna\u00eetre localement, construire une culture commune, renforcer les coop\u00e9rations existantes et en ouvrir d&#8217;autres ! Pour vous inscrire : lafilaturedumazel@gmail.com<\/p>\n\n\n\n<h2 class=\"wp-block-heading\">Art-Science \/ Approches sensibles et artistique au service de la recherche participative sur la biodiversit\u00e9 (INRAE)<\/h2>\n\n\n\n<p><em>En quoi les d\u00e9marches sensibles et artistiques peuvent-elles permettre d\u2019int\u00e9grer le non-humain dans des d\u00e9marches de recherche participative sur la biodiversit\u00e9?<\/em><\/p>\n\n\n\n<p>Monique Cunnac et moi-m\u00eame proposerons une performance originale en tant qu&#8217;artistes-facilitatrices, faites d&#8217;approches participatives, sensibles et artistiques les 23 et 24 mars 2026 au s\u00e9minaire BIOSEFAIR de l&#8217;INRAE. Une exp\u00e9rimentation conduite comme une d\u00e9marche de recherche acc\u00e9l\u00e9r\u00e9e, sur 2 jours, o\u00f9 les chercheurs en biodiversit\u00e9 deviennent eux-m\u00eames objet d&#8217;\u00e9tude, d&#8217;analyse et de r\u00e9flexivit\u00e9&#8230; On a h\u00e2te !<\/p>\n\n\n\n<p>Plus d&#8217;infos ici : <a href=\"https:\/\/biosefair.hub.inrae.fr\/actualites\/atelier-sciences-et-recherches-participatives\">https:\/\/biosefair.hub.inrae.fr\/actualites\/atelier-sciences-et-recherches-participatives<\/a><\/p>\n\n\n\n<h2 class=\"wp-block-heading\">Art-Science \/ Une proposition artistique au service de la recherche participative<\/h2>\n\n\n\n<p>Dans le cadre d&#8217;un projet de recherche du CIRAD, et en r\u00e9ponse \u00e0 un appel \u00e0 projet de la FRB, Antonio Villanueva, g\u00e9ographe et com\u00e9dien, et moi, avons propos\u00e9 une approche artistique innovante, permettant, en lien \u00e9troit avec les populations et les artistes locaux, de collecter des donn\u00e9es de recherche sensibles, associer les jeunes et les ain\u00e9s souvent absents des personnes consult\u00e9es, et traduire les r\u00e9sultats de recherche en pi\u00e8ces de th\u00e9\u00e2tre pour servir \u00e0 leur diffusion locale, et leur prolongement sous forme it\u00e9rative et participative. Un projet qui nous conduirait dans les terres agricoles de Basse-Terre (Guadeloupe) et les montagnes du Pradera (Colombie).<\/p>\n\n\n\n<p># \u00e9co-narration # pi\u00e8ce sonore # cartographie sensible #th\u00e9\u00e2tre-forum #th\u00e9\u00e2tre d&#8217;objet # presqu&#8217;une conf\u00e9rence<\/p>\n\n\n\n<p>Nous saurons en mars 2026 si le projet est retenu pour 2026\/2028. On croise les doigts !<\/p>\n","protected":false},"excerpt":{"rendered":"<p>Formation \/ Consolider son mod\u00e8le socio-\u00e9conomique Une session d\u00e9di\u00e9e aux acteurs de l&#8217;alimentation durable, les les 13 mars et 7 mai 2026 aux IF \u00e0 Toulouse, il reste quelques places, faites-vous conna\u00eetre ! Une session d\u00e9di\u00e9e aux acteurs du secteur socio-culturel est \u00e0 l&#8217;\u00e9tude &#8211; si int\u00e9ress\u00e9s, dites-le nous, cela nous motivera \u00e0 r\u00e9aliser cette &hellip; <\/p>\n<p class=\"link-more\"><a href=\"https:\/\/etap-conseil.fr\/index.php\/les-nouveautes-en-cours\/\" class=\"more-link\">Continue reading<span class=\"screen-reader-text\"> &#8220;Quoi de neuf ?&#8221;<\/span><\/a><\/p>\n","protected":false},"author":1,"featured_media":0,"parent":0,"menu_order":0,"comment_status":"closed","ping_status":"closed","template":"","meta":{"footnotes":""},"_links":{"self":[{"href":"https:\/\/etap-conseil.fr\/index.php\/wp-json\/wp\/v2\/pages\/647"}],"collection":[{"href":"https:\/\/etap-conseil.fr\/index.php\/wp-json\/wp\/v2\/pages"}],"about":[{"href":"https:\/\/etap-conseil.fr\/index.php\/wp-json\/wp\/v2\/types\/page"}],"author":[{"embeddable":true,"href":"https:\/\/etap-conseil.fr\/index.php\/wp-json\/wp\/v2\/users\/1"}],"replies":[{"embeddable":true,"href":"https:\/\/etap-conseil.fr\/index.php\/wp-json\/wp\/v2\/comments?post=647"}],"version-history":[{"count":8,"href":"https:\/\/etap-conseil.fr\/index.php\/wp-json\/wp\/v2\/pages\/647\/revisions"}],"predecessor-version":[{"id":742,"href":"https:\/\/etap-conseil.fr\/index.php\/wp-json\/wp\/v2\/pages\/647\/revisions\/742"}],"wp:attachment":[{"href":"https:\/\/etap-conseil.fr\/index.php\/wp-json\/wp\/v2\/media?parent=647"}],"curies":[{"name":"wp","href":"https:\/\/api.w.org\/{rel}","templated":true}]}}